culate v(2).
3
Let a(p) = 76*p - 313. Determine a(4).
-9
Let m(c) = -7*c - 1. Determine m(-1).
6
Let n(p) = 14*p**2 + p - 1. Determine n(1).
14
Let z(o) = o**3 - 7*o**2 + 8*o - 14. Calculate z(6).
-2
Let s(d) = -d**2 + 6*d + 10. Determine s(-3).
-17
Let c(t) = -10*t + 127. Calculate c(13).
-3
Let l(g) = g**2 + 21*g + 1. What is l(-21)?
1
Let q(s) = s**2 + 16*s + 35. Determine q(-6).
-25
Let f(r) = -r**3 + 7*r**2 + 11*r + 7. Determine f(8).
31
Let c(r) = -r**2 + 8*r - 19. Give c(8).
-19
Let b(s) = -7*s + 3. What is b(3)?
-18
Let k(a) = -6*a + 2. Calculate k(6).
-34
Let z(v) = -18*v - 89. What is z(-5)?
1
Let i(g) = -g**3 - 6*g**2 + g + 4. Give i(-6).
-2
Let v(n) = 2*n**2 + 11*n - 12. Give v(-10).
78
Let h(n) = -n**3 - 5*n**2 + 2*n + 9. Calculate h(-6).
33
Let f(b) = -3*b**2 + 50*b - 31. Determine f(16).
1
Let s(q) = -q - 11. Determine s(-5).
-6
Let h(u) = 3*u**3 + u**2 - 6*u - 1. Calculate h(-3).
-55
Let l(a) = -4*a + 2. Give l(7).
-26
Let v(s) = s**2 + 3*s + 6. Determine v(6).
60
Let b(q) = q + 14. Calculate b(-5).
9
Let b(m) = -5*m**2 - 2*m + 1. Determine b(1).
-6
Let f(l) = -3*l - 23. Determine f(14).
-65
Let i(n) = -18*n**2 + 1. Determine i(1).
-17
Let t(g) = -g**2 + 5*g + 8. What is t(-3)?
-16
Let h(b) = 2*b**2 + 8*b - 10. What is h(-7)?
32
Let i(m) = 4*m**3 - 6*m**2 + 8*m - 3. Calculate i(3).
75
Let f(i) = 27*i - 196. What is f(7)?
-7
Let c(g) = -4*g**2 + 12*g - 3. What is c(3)?
-3
Let x(j) = -51*j**3 - j**2 + j - 1. What is x(1)?
-52
Let y(q) = q**3 - 8*q**2 + 3*q + 22. What is y(7)?
-6
Let i(z) = -z**2 - 12*z + 2. Give i(-7).
37
Let p(z) = 9*z**2 - 100*z + 11. Calculate p(11).
0
Let y(b) = 6*b**2 + b. Give y(1).
7
Let n(p) = -4*p - 82. Calculate n(-9).
-46
Let m(p) = 37*p - 28. What is m(1)?
9
Let p(v) = -v**2 - 2*v + 3. Give p(-6).
-21
Let k(g) = -g**3 + 4*g**2 - g + 2. Give k(3).
8
Let x(q) = -q**3 + 8*q**2 - 6*q - 8. Determine x(6).
28
Let d(s) = s**3 - 4*s**2 - 32*s + 18. Determine d(7).
-59
Let a(i) = -25*i + 328. Give a(13).
3
Let j(l) = l - 12. Determine j(7).
-5
Let r(a) = -a**2 + 47*a - 190. Calculate r(43).
-18
Let z(a) = -54*a + 109. What is z(2)?
1
Let a(r) = -2*r + 32. What is a(18)?
-4
Let w(j) = -2*j - 12. Calculate w(-4).
-4
Let k(i) = -24*i + 41. Calculate k(3).
-31
Let i(g) = -g**3 - 6*g**2 - 6*g + 5. Calculate i(-6).
41
Let g(t) = -3*t + 3. Give g(-4).
15
Let h(u) = u**2 + 12*u + 4. Determine h(-10).
-16
Let o(f) = f**3 + 6*f**2 + 3*f - 5. What is o(-4)?
15
Let v(s) = -s**3 + 1. What is v(2)?
-7
Let j(p) = p**3 - 6*p**2 + 15. Calculate j(6).
15
Let l(b) = -b**3 - 6*b**2 - 6*b - 4. Give l(-4).
-12
Let u(b) = -b**3 - 11*b**2 + b - 45. Calculate u(-12).
87
Let a(i) = 7*i - 57. What is a(8)?
-1
Let h(g) = g**2 + 19*g + 74. Give h(-7).
-10
Let s(r) = -8*r**2 - 54*r + 11. Calculate s(-7).
-3
Let b(s) = s**3 - s**2 + 43. Determine b(0).
43
Let m(r) = r**3 - 6*r**2 + 5*r - 6. Give m(5).
-6
Let p(y) = y**2 - 18. Calculate p(0).
-18
Let r(w) = -w + 1. Determine r(-4).
5
Let k(h) = -h**3 - 2*h**2 - 2*h - 5. Give k(-3).
10
Let y(g) = g**2 - 16*g + 6. Give y(13).
-33
Let u(o) = o**3 + 6*o**2 + 2*o + 4. Determine u(-2).
16
Let t(m) = m**3 + 9*m**2 + 7*m - 13. Give t(-7).
36
Let q(x) = -x**3 + 3*x**2 - 1. Give q(2).
3
Let u(j) = -2*j - 41. Give u(-26).
11
Let d(g) = -g**3 + g**2 - 7. What is d(0)?
-7
Let l(g) = -54*g**3 + g**2 + g + 1. Give l(-1).
55
Let j(i) = i**2 - 9*i - 8. Determine j(9).
-8
Let f(y) = y**3 - y**2 + 4*y + 3. Determine f(-2).
-17
Let i(u) = u**3 - u**2 - 5*u - 2. Determine i(3).
1
Let s(f) = f**2 + 5*f + 10. What is s(-7)?
24
Let j(w) = 58*w + 275. Determine j(-5).
-15
Let p(s) = -s**3 - 7*s**2 + 18*s + 5. Determine p(-9).
5
Let m(w) = 2*w + 20. Determine m(-8).
4
Let u(t) = t**2 + 17*t - 20. Give u(-19).
18
Let p(z) = 9*z + 38. Determine p(-6).
-16
Let n(k) = 7*k + 17. Give n(-3).
-4
Let r(j) = -j**2 + 9*j - 7. What is r(4)?
13
Let r(f) = 2*f**3 - f**2 - 3*f - 1. Calculate r(-2).
-15
Let a(x) = -x**3 + x**2 + 4*x - 6. Determine a(4).
-38
Let m(c) = 3*c - 2. Determine m(3).
7
Let o(q) = -q**3 - 16*q**2 - 4*q + 17. Determine o(-16).
81
Let d(s) = -s**2 + 14*s + 22. Give d(9).
67
Let g(r) = -8*r**2 + 37*r + 6. Give g(5).
-9
Let i(g) = -8*g + 1. Give i(3).
-23
Let l(w) = -15*w - 6. What is l(1)?
-21
Let h(j) = -4*j**3 - 14*j**2 - 4*j - 2. Calculate h(-4).
46
Let s(p) = p + 3. Determine s(3).
6
Let w(u) = u**3 - 9*u**2 + 12*u + 18. Determine w(7).
4
Let s(l) = l**2 + 22*l + 106. Calculate s(-11).
-15
Let a(w) = 25*w**3 - w**2. What is a(-1)?
-26
Let q(v) = 2*v**2 + 6*v - 3. What is q(-3)?
-3
Let i(u) = 2*u - 6. What is i(8)?
10
Let a(s) = s**3 + 7*s**2 + 6*s. What is a(-6)?
0
Let a(i) = -8*i - 40. What is a(-4)?
-8
Let z(m) = -m**2 - 36*m + 351. Give z(8).
-1
Let i(l) = 35*l + 1. Give i(2).
71
Let a(n) = -n**3 + 5*n**2 + n + 2. What is a(5)?
7
Let c(v) = 3*v**2 + 37*v + 105. What is c(-8)?
1
Let t(q) = 3*q - 79. Calculate t(8).
-55
Let q(d) = d - 4. Calculate q(12).
8
Let a(l) = -l**2 - 13*l + 4. Calculate a(-13).
4
Let a(y) = 5*y + 211. Determine a(-42).
1
Let i(t) = -13*t + 200. What is i(14)?
18
Let n(w) = -11*w**2 - 1. Calculate n(-1).
-12
Let n(s) = 8*s + 10. What is n(-6)?
-38
Let f(d) = -39*d**2 - 2*d + 2. Give f(1).
-39
Let t(q) = -q**3 + q**2. Calculate t(0).
0
Let n(w) = w**3 + 6*w**2 - 14*w + 10. Determine n(-8).
-6
Let k(y) = 14*y + 5. Give k(4).
61
Let j(a) = -a**2 - 18*a + 32. Determine j(-20).
-8
Let p(m) = m**3 + 11*m**2 + 34*m - 2. Determine p(-5).
-22
Let m(u) = -15*u + 5. Give m(2).
-25
Let j(o) = -60*o**2 + 1. Calculate j(1).
-59
Let y(k) = -k**3 + 6*k**2 + 5*k + 16. Give y(7).
2
Let x(u) = -2*u**2 + 2*u - 4. What is x(0)?
-4
Let u(z) = -3*z - 14. Determine u(-8).
10
Let q(f) = f**3 + 11*f**2 - f + 106. Give q(-12).
-26
Let c(q) = q**3 - 12*q**2 + 3*q + 8. Determine c(12).
44
Let c(g) = -2*g**2 + 10*g - 1. What is c(8)?
-49
Let f(q) = 6*q - 5. Calculate f(1).
1
Let k(q) = -q**2 - 8*q - 9. What is k(-5)?
6
Let f(u) = -8*u - 22. What is f(-6)?
26
Let c(s) = 13*s + 7. Give c(-5).
-58
Let y(o) = 2*o + 37. Calculate y(-24).
-11
Let w(z) = -z**3 + 6*z**2 + 3*z - 9. Give w(7).
-37
Let k(i) = i**3 + 12*i**2 + 28*i + 2. Give k(-9).
-7
Let n(k) = -k**2 - 18. Determine n(0).
-18
Let y(f) = -f + 2. What is y(-1)?
3
Let u(j) = j**3 + 20*j**2 - 19*j + 48. Calculate u(-21).
6
Let g(m) = -m + 19. What is g(7)?
12
Let v(d) = -d**3 + 8*d**2 - 4*d + 1. Give v(4).
49
Let r(i) = i**2 - 1. Give r(-1).
0
Let j(r) = -2*r**3 - 2*r**2 - 4*r + 3. Calculate j(0).
3
Let d(a) = 38*a + 9. Determine d(-4).
-143
Let a(x) = -14*x**3 + 2*x**2 - 2*x + 1. Determine a(1).
-13
Let p(t) = t**2 + 35*t + 308. What is p(-17)?
2
Let w(x) = -x**3 - 10*x**2 - 7*x - 49. What is w(-10)?
21
Let s(x) = -x**3 - 23*x**2 - 9*x - 26. What is s(-23)?
181
Let a(w) = w**2 + 15*w + 7. What is a(-14)?
-7
Let i(k) = -k**3 - 13*k**2 - k - 19. Give i(-13).
-6
Let h(z) = -z**3 + 18*z**2 + 5*z - 104. Give h(18).
-14
Let c(j) = -8*j - 263. Calculate c(-33).
1
Let t(m) = 12*m**2 - 9*m + 3. What is t(2)?
33
Let l(o) = -o**3 - 6*o**2 + 5*o - 10. Calculate l(-7).
4
Let h(r) = 2*r - 26. Determine h(-22).
-70
Let p(m) = -11*m + 118. Calculate p(11).
-3
Let a(w) = w**3 - 20*w**2 + 21*w - 31. Calculate a(19).
7
Let p(k) = k**3 - 4*k**2 - k - 2. Calculate p(4).
-6
Let u(a) = a**2 - 16*a + 7. Give u(8).
-57
Let u(x) = x**3 - 16*x**2 + 34*x - 89. Determine u(14).
-5
Let z(f) = -f**2 - 1. Calculate z(6).
-37
Let n(m) = -2*m + 19. Calculate n(10).
-1
Let y(p) = 55*p - 2. Give y(-1).
-57
Let r(u) = u**3 + 19*u**2 + 23*u + 83. Calculate r(-18).
-7
Let u(n) = 2*n**2 + 66*n + 110. Calculate u(-32).
46
Let d(b) = 144*b + 296. Give d(-2).
8
Let y(m) = m**3 + 8*m**2 - 3*m - 7. Determine y(-8).
17
Let p(c) = -137*c**3 - c. What is p(-1)?
138
Let s(a) = 2*a + 5. Determine s(-4).
-3
Let b(z) = -47*z - 305. Calculate b(-6).
-23
Let o(z) = -z**3 + 10*z**2 - z + 6. Calculate o(10).
-4
Let k(v) = -3*v - 6. Give k(-3).
3
Let u(t) = t**3 - 4*t**2 + 4*t + 3. Calculate u(3).
6
Let r(s) = -s + 2. Determine r(-23).
25
Let i(q) = q**2 - 14*q + 26. What is i(11)?
-7
Let y(q) = 29*q - 3. Give y(2).
55
Let j(i) = -i**3 - 48*i**2 + 57. Calculate j(-48).
57
Let q(n) = -n**3 + 2*n**2 + n - 1. Determine q(-3).
41
Let q(f) = -f**2 + 13*f - 10. Determine q(12).
2
Let q(f) = f**2 - 12*f - 216. Deter